{"id":157,"date":"2017-11-22T13:51:00","date_gmt":"2017-11-22T12:51:00","guid":{"rendered":"https:\/\/www.blackswanfoundation.ch\/boutique\/?post_type=product&#038;p=157"},"modified":"2017-12-08T11:49:04","modified_gmt":"2017-12-08T10:49:04","slug":"tisane-etoile-des-glaciers","status":"publish","type":"product","link":"https:\/\/www.blackswanfoundation.ch\/shop\/product\/tisane-etoile-des-glaciers\/","title":{"rendered":"Tisane \u00e9toile des glaciers"},"content":{"rendered":"","protected":false},"excerpt":{"rendered":"<p>Au c\u0153ur des Alpes suisses croissent des plantes aux vertus reconnues depuis le nuit des temps.<\/p>\n<p>Rigoureusement s\u00e9lectionn\u00e9es et associ\u00e9es dans nos infusions, ces herbes et plantes alpines aux saveurs d\u00e9licates apportent un sentiment de pl\u00e9nitude.<br \/>\nAvec sa dominante de verveine et d\u2019edelweiss, ce m\u00e9lange vous offre un condens\u00e9 de saveurs bienfaisantes.<\/p>\n<p>Ingr\u00e9dients: Verveine Odorante (38%), M\u00e9lisse (24%), Menthe Pomme (16%), Sarriette (12%), Edelweiss (5%), Mauve (4%), Bleuet Rouge (1%).<\/p>\n<p>En collaboration avec les\u00a0Herbes Aromatiques Grand St Bernard et la Distillerie Morand.<\/p>\n","protected":false},"featured_media":158,"comment_status":"closed","ping_status":"closed","template":"","meta":{"wds_primary_product_brand":0,"wds_primary_product_cat":0},"product_brand":[],"product_cat":[28],"product_tag":[],"class_list":{"0":"post-157","1":"product","2":"type-product","3":"status-publish","4":"has-post-thumbnail","6":"product_cat-tisane","8":"first","9":"instock","10":"shipping-taxable","11":"purchasable","12":"product-type-simple"},"_links":{"self":[{"href":"https:\/\/www.blackswanfoundation.ch\/shop\/wp-json\/wp\/v2\/product\/157","targetHints":{"allow":["GET"]}}],"collection":[{"href":"https:\/\/www.blackswanfoundation.ch\/shop\/wp-json\/wp\/v2\/product"}],"about":[{"href":"https:\/\/www.blackswanfoundation.ch\/shop\/wp-json\/wp\/v2\/types\/product"}],"replies":[{"embeddable":true,"href":"https:\/\/www.blackswanfoundation.ch\/shop\/wp-json\/wp\/v2\/comments?post=157"}],"wp:featuredmedia":[{"embeddable":true,"href":"https:\/\/www.blackswanfoundation.ch\/shop\/wp-json\/wp\/v2\/media\/158"}],"wp:attachment":[{"href":"https:\/\/www.blackswanfoundation.ch\/shop\/wp-json\/wp\/v2\/media?parent=157"}],"wp:term":[{"taxonomy":"product_brand","embeddable":true,"href":"https:\/\/www.blackswanfoundation.ch\/shop\/wp-json\/wp\/v2\/product_brand?post=157"},{"taxonomy":"product_cat","embeddable":true,"href":"https:\/\/www.blackswanfoundation.ch\/shop\/wp-json\/wp\/v2\/product_cat?post=157"},{"taxonomy":"product_tag","embeddable":true,"href":"https:\/\/www.blackswanfoundation.ch\/shop\/wp-json\/wp\/v2\/product_tag?post=157"}],"curies":[{"name":"wp","href":"https:\/\/api.w.org\/{rel}","templated":true}]}}